me factors of 1158.
2, 3, 193
List the prime factors of 18780.
2, 3, 5, 313
List the prime factors of 22029.
3, 7, 1049
List the prime factors of 12247.
37, 331
What are the prime factors of 599?
599
List the prime factors of 8681.
8681
What are the prime factors of 9961?
7, 1423
What are the prime factors of 1212?
2, 3, 101
List the prime factors of 23937.
3, 79, 101
List the prime factors of 73642.
2, 36821
What are the prime factors of 1215?
3, 5
List the prime factors of 2455.
5, 491
What are the prime factors of 9882?
2, 3, 61
What are the prime factors of 21529?
21529
List the prime factors of 13477.
13477
What are the prime factors of 25945?
5, 5189
List the prime factors of 30609.
3, 19, 179
What are the prime factors of 804?
2, 3, 67
List the prime factors of 64014.
2, 3, 47, 227
What are the prime factors of 11130?
2, 3, 5, 7, 53
What are the prime factors of 13777?
23, 599
What are the prime factors of 1202?
2, 601
What are the prime factors of 7157?
17, 421
List the prime factors of 23856.
2, 3, 7, 71
List the prime factors of 11450.
2, 5, 229
List the prime factors of 7130.
2, 5, 23, 31
List the prime factors of 43143.
3, 73, 197
What are the prime factors of 4682?
2, 2341
List the prime factors of 117028.
2, 17, 1721
What are the prime factors of 103585?
5, 20717
List the prime factors of 11654.
2, 5827
What are the prime factors of 2309?
2309
What are the prime factors of 76465?
5, 41, 373
List the prime factors of 12022.
2, 6011
List the prime factors of 21404.
2, 5351
What are the prime factors of 1921?
17, 113
List the prime factors of 1310.
2, 5, 131
What are the prime factors of 8959?
17, 31
List the prime factors of 117750.
2, 3, 5, 157
What are the prime factors of 4050?
2, 3, 5
List the prime factors of 81439.
81439
What are the prime factors of 4635?
3, 5, 103
List the prime factors of 292.
2, 73
What are the prime factors of 1529?
11, 139
What are the prime factors of 1312?
2, 41
What are the prime factors of 3161?
29, 109
What are the prime factors of 1172?
2, 293
List the prime factors of 3843.
3, 7, 61
List the prime factors of 11011.
7, 11, 13
List the prime factors of 74952.
2, 3, 347
What are the prime factors of 2195?
5, 439
List the prime factors of 34934.
2, 17467
List the prime factors of 35718.
2, 3, 5953
What are the prime factors of 5611?
31, 181
List the prime factors of 1023.
3, 11, 31
What are the prime factors of 86754?
2, 3, 19, 761
What are the prime factors of 2788?
2, 17, 41
What are the prime factors of 14024?
2, 1753
List the prime factors of 5590.
2, 5, 13, 43
What are the prime factors of 11528?
2, 11, 131
List the prime factors of 41944.
2, 7, 107
List the prime factors of 43137.
3, 4793
List the prime factors of 4789.
4789
What are the prime factors of 2412?
2, 3, 67
What are the prime factors of 1482?
2, 3, 13, 19
List the prime factors of 4141.
41, 101
What are the prime factors of 362?
2, 181
List the prime factors of 2710.
2, 5, 271
List the prime factors of 2015.
5, 13, 31
What are the prime factors of 129?
3, 43
What are the prime factors of 842?
2, 421
What are the prime factors of 304?
2, 19
What are the prime factors of 1615?
5, 17, 19
List the prime factors of 85047.
3, 28349
List the prime factors of 5202.
2, 3, 17
List the prime factors of 5693.
5693
List the prime factors of 11612.
2, 2903
List the prime factors of 9487.
53, 179
List the prime factors of 12116.
2, 13, 233
What are the prime factors of 2045?
5, 409
List the prime factors of 15811.
97, 163
What are the prime factors of 2438?
2, 23, 53
What are the prime factors of 3849?
3, 1283
What are the prime factors of 10862?
2, 5431
What are the prime factors of 18080?
2, 5, 113
List the prime factors of 51827.
51827
List the prime factors of 168.
2, 3, 7
List the prime factors of 36789.
3, 12263
List the prime factors of 11011.
7, 11, 13
List the prime factors of 80.
2, 5
List the prime factors of 5438.
2, 2719
What are the prime factors of 9602?
2, 4801
List the prime factors of 302.
2, 151
List the prime factors of 2456.
2, 307
What are the prime factors of 7514?
2, 13, 17
List the prime factors of 1645.
5, 7, 47
What are the prime factors of 13731?
3, 23, 199
What are the prime factors of 15165?
3, 5, 337
What are the prime factors of 791?
7, 113
List the prime factors of 9094.
2, 4547
What are the prime factors of 145721?
145721
List the prime factors of 1462.
2, 17, 43
List the prime factors of 27726.
2, 3, 4621
What are the prime factors of 1289?
1289
List the prime factors of 621.
3, 23
What are the prime factors of 356?
2, 89
List the prime factors of 11023.
73, 151
List the prime factors of 3729.
3, 11, 113
List the prime factors of 10378.
2, 5189
List the prime factors of 61.
61
What are the prime factors of 4589?
13, 353
What are the prime factors of 1062?
2, 3, 59
List the prime factors of 3003.
3, 7, 11, 13
List the prime factors of 6268.
2, 1567
List the prime factors of 1161.
3, 43
What are the prime factors of 46892?
2, 19, 617
What are the prime factors of 102213?
3, 41, 277
What are the prime factors of 2858?
2, 1429
List the prime factors of 4061.
31, 131
List the prime factors of 10773.
3, 7, 19
List the prime factors of 590.
2, 5, 59
What are the prime factors of 134517?
3, 44839
What are the prime factors of 25335?
3, 5, 563
List the prime factors of 33250.
2, 5, 7, 19
What are the prime factors of 129041?
11, 11731
What are the prime factors of 71581?
47, 1523
What are the prime factors of 1636?
2, 409
List the prime factors of 76533.
3, 97, 263
What are the prime factors of 9512?
2, 29, 41
What are the prime factors of 13469?
13469
List the prime factors of 42358.
2, 21179
What are the prime factors of 30133?
30133
List the prime factors of 29302.
2, 7, 13, 23
What are the prime factors of 430?
2, 5, 43
What are the prime factors of 67810?
2, 5, 6781
What are the prime factors of 5273?
5273
List the prime factors of 45683.
11, 4153
What are the prime factors of 40085?
5, 8017
List the prime factors of 70550.
2, 5, 17, 83
List the prime factors of 11618.
2, 37, 157
What are the prime factors of 8084?
2, 43, 47
List the prime factors of 5705.
5, 7, 163
What are the prime factors of 7378?
2, 7, 17, 31
What are the prime factors of 2618?
2, 7, 11, 17
What are the prime factors of 453?
3, 151
What are the prime factors of 128489?
128489
List the prime factors of 1324.
2, 331
What are the prime factors of 3467?
3467
What are the prime factors of 32?
2
List the prime factors of 3112.
2, 389
What are the prime factors of 69?
3, 23
What are the prime factors of 56856?
2, 3, 23, 103
What are the prime factors of 1388?
2, 347
List the prime factors of 7398.
2, 3, 137
List the prime factors of 7907.
7907
List the prime factors of 2245.
5, 449
What are the prime factors of 8853?
3, 13, 227
List the prime factors of 7971.
3, 2657
List the prime factors of 445.
5, 89
What are the prime factors of 74564?
2, 7, 2663
What are the prime factors of 1103?
1103
List the prime factors of 141806.
2, 7, 1447
What are the prime factors of 8008?
2, 7, 11, 13
List the prime factors of 23290.
2, 5, 17, 137
List the prime factors of 4811.
17, 283
List the prime factors of 177109.
177109
List the prime factors of 1399.
1399
What are the prime factors of 159449?
41, 3889
List the prime factors of 8898.
2, 3, 1483
What are the prime factors of 82416?
2, 3, 17, 101
List the prime factors of 15632.
2, 977
List the prime factors of 41204.
2, 10301
List the prime factors of 1411.
17, 83
What are the prime factors of 1476?
2, 3, 41
List the prime factors of 54092.
2, 13523
What are the prime factors of 4617?
3, 19
What are the prime factors of 15861?
3, 17, 311
What are the prime factors of 2142?
2, 3, 7, 17
What are the prime factors of 8259?
3, 2753
List the prime factors of 6267.
3, 2089
What are the prime factors of 11472?
2, 3, 239
List the prime factors of 4715.
5, 23, 41
List the prime factors of 1008.
2, 3, 7
List the prime factors of 740.
2, 5, 37
What are the prime factors of 80995?
5, 97, 167
What are the prime factors of 10468?
2, 2617
What are the prime factors of 7933?
7933
List the prime factors of 70870.
2, 5, 19, 373
List the prime factors of 102091.
11, 9281
List the prime factors of 32860.
2, 5, 31, 53
What are the